v. Is b a prime number?
True
Let o(j) = -187*j - 47. Suppose -16*z - 68 - 44 = 0. Is o(z) a prime number?
False
Let j be (-5*21/(-15))/((-2)/(-6)). Is ((-49)/j)/(-7)*9897 prime?
True
Suppose 32*j = 4*j - 328028 + 2223208. Is j a composite number?
True
Let w(c) = -2*c**3 - 65*c**2 + 31*c + 50. Let a be w(-27). Let x = a + 20993. Is x prime?
False
Is 2*((-50)/6)/5*(-27369)/30 a prime number?
True
Let z be 324414/12*(-12)/(-18). Suppose -10*t + z + 4347 = 0. Is t prime?
True
Let h(a) = -a**3 - 7*a**2 - a - 31. Let x be h(-10). Suppose 0 = -4*s + 77 + x. Is s a composite number?
False
Let l(w) = -7*w - 34. Let d(s) = -s - 2. Let y(t) = -4*d(t) + l(t). Let k be y(-9). Is (-18 + -3)*(88/(-6) + k) a composite number?
True
Suppose -2*c + 2*i = -4*c + 214, c - 4*i = 102. Let u be c/3*21*1. Let a = -444 + u. Is a a composite number?
True
Suppose -t + 23949 = -5*s, -23929 = -t - 7*s + 8*s. Suppose -414*p - t = -418*p. Is p a composite number?
False
Suppose 3*p = -2*p. Suppose p = 4*c - 6*c. Suppose c = -5*j + 10*j - 1585. Is j a prime number?
True
Let z be (-4)/3 + 16/12. Suppose 13*v - 15*v - 2484 = z. Let k = v + 1807. Is k a composite number?
True
Suppose 116*z + 293928 = 124*z. Suppose -2*n + z = 14003. Is n composite?
False
Suppose 0 = -k - 2*x + 6995, -5*x = -6 - 19. Let o = -1416 + k. Is o a composite number?
False
Let y = -34 - -37. Suppose -4*g = h + 993, 2624 = -y*h + g - 420. Let n = h + 2919. Is n a prime number?
False
Let d = -90 - -106. Suppose d*u = 9*u + 21014. Let s = 509 + u. Is s a prime number?
True
Let x(o) = 686*o**2 + 580*o - 13. Is x(-44) composite?
False
Let y(z) be the first derivative of 7*z**3/3 - 8*z + 4. Is y(11) prime?
True
Suppose -3*l + 4008 = -l. Suppose 3*s = -5*o + 15050, -2394 = 2*o + 5*s - 8395. Let w = o - l. Is w a composite number?
False
Suppose 24*v + 176001 = 32352 + 678921. Is v prime?
True
Let b(d) = d**2 + 16*d - 26. Let r be b(-18). Suppose r*n = -68 + 8. Let p(y) = -6*y**3 - 3*y**2 + 11*y - 5. Is p(n) composite?
False
Let x be 24/9*(-1 - -1228). Let s = x - -1125. Is s prime?
True
Let p = 84310 + -24147. Is p a prime number?
False
Let u(r) be the second derivative of 2791*r**3/6 - 48*r**2 + r - 12. Is u(23) a prime number?
False
Suppose -2*w + 24 = 8. Suppose 0*h - 976 = -w*h. Suppose -o + 1531 - h = 0. Is o prime?
True
Let v = 6 + -3. Let y = 1247 + -838. Suppose -1352 = -v*u + y. Is u composite?
False
Let t(j) be the second derivative of 71*j**5/4 - j**4/12 + j**3/2 + 16*j. Let n be t(-2). Is n/(-4) - 1/(-2) composite?
True
Suppose -15*z = -3*z. Suppose -j - 4*w = 2*j, z = -2*j - 2*w + 2. Suppose 4443 = j*d + 1431. Is d prime?
False
Is (0 + -2)/(44/(-936826)) prime?
False
Let q(x) be the second derivative of 683*x**7/2520 + x**6/360 + x**5/60 + 17*x**4/12 + 16*x. Let l(j) be the third derivative of q(j). Is l(-1) composite?
False
Suppose 1002 = 13*g - 11764. Let o = 426 + -245. Let u = g + o. Is u a prime number?
True
Suppose -j + 229 = -5*n, 976 = 4*j + 4*n - 9*n. Suppose -107 = -4*t + j. Is t a prime number?
True
Let w = -37981 - -75698. Is w prime?
True
Let d(j) = 9864*j**3 - 4*j**2 - 76*j + 341. Is d(5) prime?
False
Suppose 3405491 = 12*a + 748415. Is a composite?
True
Suppose -118*k + 15758626 = -22672912. Is k prime?
True
Suppose 2*y + 2*n = 1176208, y + 52*n = 53*n + 588090. Is y prime?
True
Let t(a) = 22352*a**2 - 9*a - 13. Is t(-2) a composite number?
False
Let k = 79063 - -120034. Is k prime?
False
Suppose 2*m - 23*s = -25*s + 24202, 0 = 3*s + 15. Is m a composite number?
True
Let p(c) = 186*c**3 + 45*c - 73. Is p(8) prime?
False
Suppose -v + 1 = -l, l - 8 = 2*v - 10. Is (l + -2)*(59876/(-8) - -5) prime?
False
Let x(u) = -2*u**3 + u**2 - 2*u. Let l be x(1). Is (-17945)/10*-2 - (-6)/l a composite number?
True
Suppose -s + 2*d = 8, 3*s - 25 = -2*s - 3*d. Suppose 0 = s*m - 355 - 63. Is m prime?
False
Let w(f) = 7*f**2 + 7*f - 79. Let o(b) = -3*b**2 - 3*b + 39. Let n(j) = 5*o(j) + 2*w(j). Let v(t) = t + 2. Let p be v(-2). Is n(p) a composite number?
False
Let r(b) = b**3 - 14*b**2 + 47*b - 11. Let n be r(9). Suppose 0 = n*y - 2660 - 749. Is y a prime number?
True
Let s = 1088265 - -223068. Is s a composite number?
True
Is (-631988)/(-70) - (-27)/45 a prime number?
True
Let h(j) = 5*j - 23. Let r be h(13). Let z = 47 - r. Is -1 - (-18)/15 - (-1504)/z prime?
False
Is 0 + -12 + 366 + 18767 a prime number?
True
Is 44068/3 + -6 + 136/24 composite?
True
Let y = -730 + 705. Is ((-25)/y)/(4/16424) a composite number?
True
Suppose 0 = 4*z + 5*l - 400301, 5*z - 3*l + l - 500335 = 0. Is z a composite number?
False
Suppose -4*s + 3 = -5. Let y be 7670/90 - s/9. Suppose -w + y = -120. Is w a composite number?
True
Let k(m) = -10518*m - 9982*m - 13 - 7 - 25 + 980*m. Is k(-4) a prime number?
False
Suppose -15*w + 8 = -16*w. Let m be 2/(36/68954) + w/(-36). Suppose -6*i + m = -3*i. Is i prime?
True
Let i(p) be the third derivative of 7*p**6/120 - 3*p**5/20 + p**4/12 - 7*p**3/6 - 12*p**2 + 2*p. Is i(6) a prime number?
True
Suppose 15*z - 24 = 13*z. Suppose 5*c - 4*d = 33995, 2*c - 9*d - 13621 = -z*d. Is c prime?
True
Suppose -432031 + 4277511 = 40*c. Is c prime?
True
Let x = -779515 + 1454672. Is x a composite number?
True
Let i = -1 - 18. Let a = 22 + i. Let k(w) = 254*w - 9. Is k(a) a composite number?
True
Is (8/22)/(6/408837*13) prime?
False
Let a = -349 - -349. Suppose 5*l - 26*c + 28*c - 29899 = a, 5*c + 15 = 0. Is l prime?
True
Is 48/(-168)*(-555226)/4 composite?
False
Suppose -3*f + q + 3 + 3 = 0, 2*f - 5*q - 17 = 0. Suppose f = v, -2254 = -3*o - 4*v + 3*v. Is o a prime number?
True
Suppose 0 = -15*c + 7429 - 1009. Suppose c = 3*l - 613. Is l prime?
True
Suppose -25*u + u = -u - 17273. Is u composite?
False
Let g(m) = -m**3 + 44*m**2 + 143*m + 155. Is g(43) composite?
True
Let q be (114/(-24))/((-1)/4). Let f be (-64)/(-5)*(q + 1). Suppose -f = -2*n - 3*v, -5*n + 2*v + 604 = -55. Is n a prime number?
True
Let j(l) = -l**3 + l**2 - 8*l - 1226. Let v be j(0). Let a = v - -2725. Is a a composite number?
False
Let s be (-5)/15 + 100/3. Let u = s - 31. Is u/(-7) - (-2 - (-11302)/(-14)) a composite number?
False
Suppose 6*z + 12*z = 3*z. Suppose 6*f = -3*i + 8*f + 37111, 5*i + 3*f - 61877 = z. Is i composite?
False
Suppose 0 = -3*w - 4*c + 119, 16 = w + c - 24. Let f(y) = 25 + w*y + 3 - 15. Is f(14) composite?
False
Let s(g) = -64*g**2 - 53*g**2 - 12*g - 12 - 14*g**2 + 31 + 178*g**2. Suppose 2*j - 22 = -6. Is s(j) a prime number?
False
Let a(t) = 2 - 14*t + 4*t + 9*t + 3*t**2. Let v be a(1). Suppose -v*r = -9*r + 3935. Is r composite?
False
Let z be (10 - 267688/32)*(-6 - -2). Let g = -13172 + z. Is g prime?
True
Let q be 0/((-7)/(7/(-3))). Suppose v - 5*v = q. Suppose v = 46*z - 43*z - 2253. Is z composite?
False
Let t(w) be the second derivative of -w**3/6 - w**2/2 + 9*w. Let c be t(-5). Is (-12)/c*(-998)/6 composite?
False
Let n be (-534)/4*42/(-9). Suppose n = -2*o + 2315. Suppose o = -5*z + 2291. Is z composite?
True
Is (-71028)/(-108)*(4 - 1) composite?
False
Let v be 1 + -12046 + 5 + 5. Let m = v - -7373. Let u = m + 8309. Is u prime?
False
Suppose 16*o - 10*o + 522975 = 2422161. Is o composite?
False
Suppose 9 = 2*l - o, -12*o = -15*o - 15. Suppose l*s - 2089 = -3*f, 6*s - 4*s - 2107 = 3*f. Is s prime?
True
Suppose 59*p - 6841665 = 13240106. Is p prime?
True
Suppose 4*g - 3*s = -6*s + 21, 2*g + 3*s = 9. Suppose -17*w + g*w = -139733. Is w prime?
True
Suppose -10*l + 8*l = 1348. Let r = -38 - l. Is -3*1*r/(-18) composite?
True
Let n = 2675 - 2665. Suppose -4*r + 161 = -35. Is 158529/r - (1 + n/(-14)) a prime number?
False
Suppose -39*o - 39495724 = -187*o. Is o composite?
False
Suppose 3*p + 5593866 = 41*p. Is p a composite number?
True
Let h(m) = 2*m**2 + 4783. Let r be ((12 - 12)/((-4)/(-2)))/(-1). Is h(r) composite?
False
Let k(z) be the first derivative of 553*z**2/2 - 18*z - 6. Is k(11) a prime number?
False
Let z(j) = 13*j**2 - 171*j - 1727. Is z(-122) a composite number?
False
Suppose -8743 = -2*g - c, 5*g - 2*c - 18208 = 3627. Is g a prime number?
False
Let k = -211 - -60. Let y = -281 - -212. Let t = y - k. Is t composite?
True
Let a = 705 - -572. Is (15 + 5 + -24)*a/(-2) prime?
False
Suppose 5*w + 20 = 0, 3*m - 3 + 8 = -5*w. Suppose 314602 = m*y + 3*q, 82643 = y - q + 19721. Is y a composite 